
7
Suppose 0 = 4*h - 0*h - 40. Let w(z) = -z**2 - z - 12. Let l be w(0). Let u be 440/l*(-3 + 0). Calculate the highest common factor of h and u.
10
Let j = 128 - 74. What is the greatest common divisor of j and 27?
27
Let l = 51 + -35. Suppose d = 3*d - 32. Suppose 0 + d = u. Calculate the greatest common factor of u and l.
16
Let p be 1*(2 + 1 + 2). Let g = p + 45. Calculate the greatest common divisor of 20 and g.
10
Suppose 14 = -2*o + 38. Suppose 12 = -p + 5*x, -p - 3*x = -o - 0. Suppose 4 = -2*v + 6. Calculate the highest common divisor of p and v.
1
Let t(p) = -p + 13. Let a be t(11). Suppose -3*k - 18 = -4*c + a*c, c = -4*k + 31. Calculate the highest common divisor of c and 15.
15
Suppose u + 2 = 2*u. Suppose -h + 2*x = -0*x - 3, u*h = -x + 31. Suppose 15*y = 20*y - 715. What is the greatest common factor of h and y?
13
Let c be 3/9 + (-64)/3. Let x be 7/c*(-31 + 1). Calculate the greatest common divisor of x and 80.
10
Let o = -68 + 70. What is the highest common factor of o and 2?
2
Let m = 53 + -21. What is the greatest common divisor of m and 4?
4
Suppose 2*n - 2088 = -6*n. What is the greatest common factor of 29 and n?
29
Let l be 23 - (8/(-6))/((-15)/45). Suppose 0 = 5*k + 19 - 399. What is the greatest common divisor of l and k?
19
Suppose 0 = -a + 17 - 0. Suppose -4*f = -a - 39. Let v = 27 - f. Calculate the greatest common factor of 65 and v.
13
Suppose 0 = -i + 2 - 0. Let a be (-6)/15*(-6 + 1). Suppose a*q - 2 = 26. Calculate the highest common divisor of q and i.
2
Let r be (0 - -2)/((-2)/(-55)). Calculate the greatest common divisor of 5 and r.
5
Suppose 4*x - 90 = -x. What is the greatest common factor of 9 and x?
9
Let w = 29 - 24. What is the greatest common factor of 15 and w?
5
Suppose -3*u - 6 = k, -5*k + 2*u - 18 = 5*u. Let s(d) = -6*d**3 - 4*d**2. Let p be s(k). What is the greatest common divisor of p and 18?
18
Let k(i) = -4*i**2 - 14 + 14*i - i**3 + 2*i**3 - 9*i**2. Let x be k(12). Calculate the highest common factor of 90 and x.
10
Suppose t - 2*z - 16 = 0, -6*z + z + 9 = t. Suppose 2*d - 21 = -d. What is the greatest common divisor of d and t?
7
Let u = 7 - 5. Suppose -u*q = 7 - 5. Let v = q + 3. Calculate the greatest common factor of 4 and v.
2
Suppose 3*w + 0*w - 63 = 0. Calculate the greatest common divisor of 14 and w.
7
Let i be -3 - (-2*24)/(-3). Let r = i - -49. What is the greatest common factor of 10 and r?
10
Let k(n) = 53*n**2 + n. Let t be k(1). Calculate the greatest common divisor of t and 6.
6
Suppose 26 - 6 = 5*c. Suppose c*y + 3*g - 27 = 0, 3*y + 6*g = g + 34. Calculate the greatest common divisor of y and 12.
3
Suppose 0 = -4*f + 4, 4*f = -4*u + 2*f + 18. Let j = 11 - u. Let v be 28/(-6)*12/(-2). What is the highest common divisor of j and v?
7
Let i(m) = m**3 - 5*m**2 + 6*m - 4. Let g be i(5). What is the greatest common divisor of g and 104?
26
Let b = -43 - -49. What is the highest common divisor of 9 and b?
3
Let o(a) = -4*a - 5. Let s be o(-7). Calculate the greatest common divisor of 207 and s.
23
Let l be ((-14)/8)/((-12)/96). Calculate the greatest common divisor of l and 112.
14
Suppose 0 = i - 3*d - 34, 0 = -3*i + d + d + 74. Let g = -82 + 84. What is the highest common divisor of i and g?
2
Suppose 3*k + 7 = -0*k + 4*v, 0 = 3*k - v + 4. Let t be 7 + 0 + k + -1. What is the highest common factor of 25 and t?
5
Let q be -2*(-6 - -3) + 0. Let r = -18 + 9. Let i = r + 51. Calculate the greatest common factor of i and q.
6
Suppose 5*k + 368 = 4*j, 3*k + 3*j = 8*j - 226. Let h be -2*(-74)/(-4)*-3. Let z = k + h. What is the greatest common factor of z and 26?
13
Let h(d) = d + 10. Let f be h(-7). Suppose -5*n + 85 = -y, -f*y - 58 = -3*n - y. What is the highest common divisor of n and 112?
16
Let v(t) = -49*t**3 + 2*t**2 + 3*t + 2. Let h be v(-2). Suppose -h = -m - m. Calculate the greatest common factor of m and 18.
18
Suppose -t - 2*t = 5*x - 31, 5*t = 3*x + 29. Calculate the greatest common factor of t and 56.
7
Let v be -3 + (-5 - (-27 + -4)). What is the highest common factor of 161 and v?
23
Suppose -5*c = -4*v - 71, 2*v - 6*v - 47 = 3*c. Let f be (30/(-35))/(1/v). Calculate the highest common divisor of f and 12.
12
Let j(l) = 1 - 29*l + 2 - 2. Let s(d) = -7*d. Let u(h) = 2*j(h) - 9*s(h). Let i be u(2). What is the greatest common factor of i and 48?
12
Let i = -9 - -7. Let n be (59 + -3)*(-1)/i. Calculate the highest common divisor of 4 and n.
4
Let z be (-1)/(6/180)*(-6)/2. Calculate the highest common divisor of 10 and z.
10
Let m(n) = -n**3 - 9*n**2 - 3*n - 13. Let l(i) = -2*i + 15. Let t be l(12). Let v be m(t). Calculate the greatest common divisor of 2 and v.
2
Suppose -4*z + 418 = -30. Calculate the greatest common divisor of z and 16.
16
Let h(b) = b**3 + 11*b**2 + 6*b - 14. Let s(j) = -j**3 - 5*j**2 - 3*j - 6. Let l be s(-4). Let f be h(l). Calculate the highest common factor of 13 and f.
13
Let x be ((2 + 6)/(-4) - -141) + 1. Calculate the highest common factor of 20 and x.
20
Let b(m) = m**3 + 14*m**2 + 12*m + 1. Let g be b(-13). Suppose -3*s + g = n - 24, 2*s - 4*n = 16. Calculate the greatest common divisor of s and 84.
12
Let t = 30 - 12. What is the highest common factor of t and 54?
18
Suppose 7*y - 3*y = 4. Suppose -2*r + 27 = -a - 79, -4*a = 3*r - 148. Suppose 5 + y = f - 3*h, -4*h = 2*f - r. What is the greatest common factor of 54 and f?
18
Let b be -2*((-6)/4 - -1). Let f be 2/4*(b - -13). Let w be 316/5 - (-10)/(-50). Calculate the highest common factor of w and f.
7
Suppose -j + 3 = r - 4, -5*j + 3*r + 35 = 0. Calculate the highest common divisor of 14 and j.
7
Let d be 7 + -3 + -1 + 1. Let i = 1 + 1. Suppose -y + 2*u + i*u = -60, 4*u = -5*y + 204. What is the highest common divisor of d and y?
4
Suppose 4*b - 2*v = 16, b + b + 4 = -2*v. Suppose 168 = 3*f + 5*p, 22 = 5*f + b*p - 258. Calculate the greatest common divisor of 8 and f.
8
Suppose -4 = f - 104. What is the highest common factor of f and 20?
20
Let b(n) = -n**3 - 7*n**2 + 8*n + 9. Let s be b(-8). Let l(y) = -y**2 + 10*y + 7. Let m be l(s). What is the greatest common factor of m and 16?
16
Let r(v) = -3*v - 5. Let k be r(-4). Let p be (4 - 2) + 48 + -1. What is the greatest common factor of p and k?
7
Let h(z) = -z**2 + 7*z - 2. Let c(u) = -u**2 - 1. Let f(d) = -4*c(d) + h(d). Let w be f(5). What is the greatest common divisor of w and 14?
14
Suppose 7*f = 9*f - 8. What is the greatest common divisor of f and 1?
1
Let q = -30 + 72. What is the highest common factor of 6 and q?
6
Let s be 0 - -1*(-3)/(-1). Suppose i + s*r - 84 = -3*i, 0 = 5*i + r - 105. Suppose 3*x = 9 + i. What is the highest common divisor of x and 10?
10
Let p = 56 - -335. Calculate the highest common divisor of p and 17.
17
Let p(n) = 40*n**3 - n**2 + 2*n - 1. Let k be p(1). What is the highest common divisor of k and 16?
8
Suppose -4*u + 12 = -u + 5*s, 2*u = -3*s + 9. Suppose 3*m = -2*w + 69, -w + 15 = -2*m - 2. Calculate the highest common factor of w and u.
9
Let m(w) = -2*w + 30. Let v be m(0). What is the highest common divisor of v and 20?
10
Let i = 1 + 2. Let y be i/(-3 + (-27)/(-6)). What is the greatest common factor of 4 and y?
2
Let h be 7/28 + 958/8. Calculate the highest common factor of 15 and h.
15
Let x(p) = -10*p**2 - 1. Let c be x(1). Let s = -7 - c. Suppose 29*u = 4*u + 500. What is the highest common divisor of s and u?
4
Suppose 2*m - 162 = -4*r, 4*r - 2*r - 76 = 4*m. Suppose 0 = -4*q - 0*q + r. What is the highest common factor of q and 2?
2
Let v = -63 - -66. Calculate the greatest common divisor of v and 27.
3
Suppose 91 = 2*s + 19. Let p be (-50)/40 - 442/(-8). Calculate the greatest common factor of s and p.
18
Let j be (-2 - -3)*-2 + 4. Suppose x + j = -1. Let b be 318/18 - 1/x. What is the greatest common factor of 27 and b?
9
Suppose -p = 2*r - 26, 2*p + p + 4*r - 80 = 0. Let w be (-24)/(-14) + 4/14. Suppose -8 = -w*s - 0*s. What is the greatest common divisor of p and s?
4
Suppose 2*u = 25 + 25. What is the greatest common divisor of u and 10?
5
Let p(k) = k**3 + 8*k**2 + 9*k. Let q be p(-6). Calculate the highest common divisor of q and 18.
18
Let o be ((-6)/(-2) - 2) + -2. Let l be (-2)/(o*1/34). What is the highest common factor of l and 17?
17
Let n be ((-324)/5)/(-9)*(10 + 0). Calcula